{"id":156,"date":"2022-11-11T09:09:09","date_gmt":"2022-11-11T09:09:09","guid":{"rendered":"https:\/\/brineris.pwr.edu.pl\/?page_id=156"},"modified":"2023-03-02T13:33:30","modified_gmt":"2023-03-02T13:33:30","slug":"contact","status":"publish","type":"page","link":"https:\/\/brineris.pwr.edu.pl\/?page_id=156","title":{"rendered":"Contact"},"content":{"rendered":"\t\t<div data-elementor-type=\"wp-page\" data-elementor-id=\"156\" class=\"elementor elementor-156\">\n\t\t\t\t\t\t<section class=\"elementor-section elementor-top-section elementor-element elementor-element-c9790b4 elementor-section-boxed elementor-section-height-default elementor-section-height-default\" data-id=\"c9790b4\" data-element_type=\"section\">\n\t\t\t\t\t\t<div class=\"elementor-container elementor-column-gap-default\">\n\t\t\t\t\t<div class=\"elementor-column elementor-col-100 elementor-top-column elementor-element elementor-element-226b752\" data-id=\"226b752\" data-element_type=\"column\">\n\t\t\t<div class=\"elementor-widget-wrap elementor-element-populated\">\n\t\t\t\t\t\t<div class=\"elementor-element elementor-element-6c0e562 elementor-widget elementor-widget-heading\" data-id=\"6c0e562\" data-element_type=\"widget\" data-widget_type=\"heading.default\">\n\t\t\t\t<div class=\"elementor-widget-container\">\n\t\t\t<h1 class=\"elementor-heading-title elementor-size-default\">Contact<\/h1>\t\t<\/div>\n\t\t\t\t<\/div>\n\t\t\t\t<div class=\"elementor-element elementor-element-fcf5ef9 elementor-widget elementor-widget-heading\" data-id=\"fcf5ef9\" data-element_type=\"widget\" data-widget_type=\"heading.default\">\n\t\t\t\t<div class=\"elementor-widget-container\">\n\t\t\t<h2 class=\"elementor-heading-title elementor-size-default\">Project Leader<\/h2>\t\t<\/div>\n\t\t\t\t<\/div>\n\t\t\t\t\t<\/div>\n\t\t<\/div>\n\t\t\t\t\t<\/div>\n\t\t<\/section>\n\t\t\t\t<section class=\"elementor-section elementor-top-section elementor-element elementor-element-305bcce elementor-section-boxed elementor-section-height-default elementor-section-height-default\" data-id=\"305bcce\" data-element_type=\"section\">\n\t\t\t\t\t\t<div class=\"elementor-container elementor-column-gap-default\">\n\t\t\t\t\t<div class=\"elementor-column elementor-col-50 elementor-top-column elementor-element elementor-element-363157f\" data-id=\"363157f\" data-element_type=\"column\">\n\t\t\t<div class=\"elementor-widget-wrap elementor-element-populated\">\n\t\t\t\t\t\t<div class=\"elementor-element elementor-element-cc71218 elementor-widget elementor-widget-text-editor\" data-id=\"cc71218\" data-element_type=\"widget\" data-widget_type=\"text-editor.default\">\n\t\t\t\t<div class=\"elementor-widget-container\">\n\t\t\t\t\t\t\t<p style=\"text-align: center;\">\u00a0Politechnika Wroc\u0142awska\u00a0<\/p><p style=\"text-align: center;\">Wybrze\u017ce Wyspia\u0144skiego 27, 50-370 Wroc\u0142aw<\/p><p style=\"text-align: center;\">tel.: +48 71 320 2905<\/p><p style=\"text-align: center;\"><a href=\"https:\/\/pwr.edu.pl\/en\/\" target=\"_blank\" rel=\"noopener\"><img decoding=\"async\" class=\"aligncenter wp-image-623 size-medium\" src=\"https:\/\/brineris.pwr.edu.pl\/wp-content\/uploads\/2023\/01\/Zrzut-ekranu-2023-01-05-105504-300x81.png\" alt=\"\" width=\"300\" height=\"81\" srcset=\"https:\/\/brineris.pwr.edu.pl\/wp-content\/uploads\/2023\/01\/Zrzut-ekranu-2023-01-05-105504-300x81.png 300w, https:\/\/brineris.pwr.edu.pl\/wp-content\/uploads\/2023\/01\/Zrzut-ekranu-2023-01-05-105504.png 335w\" sizes=\"(max-width: 300px) 100vw, 300px\" \/><\/a><\/p>\t\t\t\t\t\t<\/div>\n\t\t\t\t<\/div>\n\t\t\t\t\t<\/div>\n\t\t<\/div>\n\t\t\t\t<div class=\"elementor-column elementor-col-50 elementor-top-column elementor-element elementor-element-487db2a\" data-id=\"487db2a\" data-element_type=\"column\">\n\t\t\t<div class=\"elementor-widget-wrap elementor-element-populated\">\n\t\t\t\t\t\t<div class=\"elementor-element elementor-element-3555067 elementor-widget elementor-widget-text-editor\" data-id=\"3555067\" data-element_type=\"widget\" data-widget_type=\"text-editor.default\">\n\t\t\t\t<div class=\"elementor-widget-container\">\n\t\t\t\t\t\t\t<p style=\"text-align: center;\">\u00a0Faculty of Geoengineering, Mining and Geology\u00a0<\/p><p style=\"text-align: center;\">Na Grobli 15, 50-421 Wroc\u0142aw<\/p><p style=\"text-align: center;\">Geocentrum, building L-1, Office room 254<\/p><p style=\"text-align: center;\">tel.: +48 71 320 68 35<\/p><p style=\"text-align: center;\"><a href=\"https:\/\/wggg.pwr.edu.pl\/en\/\" target=\"_blank\" rel=\"noopener\"><img decoding=\"async\" class=\"aligncenter wp-image-622 size-medium\" src=\"https:\/\/brineris.pwr.edu.pl\/wp-content\/uploads\/2023\/01\/Zrzut-ekranu-2023-01-05-105535-300x83.png\" alt=\"\" width=\"300\" height=\"83\" srcset=\"https:\/\/brineris.pwr.edu.pl\/wp-content\/uploads\/2023\/01\/Zrzut-ekranu-2023-01-05-105535-300x83.png 300w, https:\/\/brineris.pwr.edu.pl\/wp-content\/uploads\/2023\/01\/Zrzut-ekranu-2023-01-05-105535.png 347w\" sizes=\"(max-width: 300px) 100vw, 300px\" \/><\/a><\/p>\t\t\t\t\t\t<\/div>\n\t\t\t\t<\/div>\n\t\t\t\t\t<\/div>\n\t\t<\/div>\n\t\t\t\t\t<\/div>\n\t\t<\/section>\n\t\t\t\t<section class=\"elementor-section elementor-top-section elementor-element elementor-element-ecdcac3 elementor-section-boxed elementor-section-height-default elementor-section-height-default\" data-id=\"ecdcac3\" data-element_type=\"section\">\n\t\t\t\t\t\t<div class=\"elementor-container elementor-column-gap-default\">\n\t\t\t\t\t<div class=\"elementor-column elementor-col-100 elementor-top-column elementor-element elementor-element-10ec51c\" data-id=\"10ec51c\" data-element_type=\"column\">\n\t\t\t<div class=\"elementor-widget-wrap elementor-element-populated\">\n\t\t\t\t\t\t<div class=\"elementor-element elementor-element-c6844c9 elementor-widget elementor-widget-heading\" data-id=\"c6844c9\" data-element_type=\"widget\" data-widget_type=\"heading.default\">\n\t\t\t\t<div class=\"elementor-widget-container\">\n\t\t\t<h2 class=\"elementor-heading-title elementor-size-default\">Project coordinator<\/h2>\t\t<\/div>\n\t\t\t\t<\/div>\n\t\t\t\t\t<\/div>\n\t\t<\/div>\n\t\t\t\t\t<\/div>\n\t\t<\/section>\n\t\t\t\t<section class=\"elementor-section elementor-top-section elementor-element elementor-element-1e7f07e elementor-section-boxed elementor-section-height-default elementor-section-height-default\" data-id=\"1e7f07e\" data-element_type=\"section\">\n\t\t\t\t\t\t<div class=\"elementor-container elementor-column-gap-default\">\n\t\t\t\t\t<div class=\"elementor-column elementor-col-100 elementor-top-column elementor-element elementor-element-aa35a96\" data-id=\"aa35a96\" data-element_type=\"column\">\n\t\t\t<div class=\"elementor-widget-wrap elementor-element-populated\">\n\t\t\t\t\t\t<div class=\"elementor-element elementor-element-43e4a72 elementor-widget elementor-widget-text-editor\" data-id=\"43e4a72\" data-element_type=\"widget\" data-widget_type=\"text-editor.default\">\n\t\t\t\t<div class=\"elementor-widget-container\">\n\t\t\t\t\t\t\t<p style=\"text-align: center;\">dr Magdalena Worsa-Kozak<\/p><p style=\"text-align: center;\">Na Grobli 13, 50-421 Wroc\u0142aw<br \/>building L-2 (GEO-3EM), room 3.24<\/p><p style=\"text-align: center;\">Email: magdalena.worsa-kozak@pwr.edu.pl<\/p><p><img fetchpriority=\"high\" decoding=\"async\" class=\"alignnone size-medium wp-image-628 aligncenter\" src=\"https:\/\/brineris.pwr.edu.pl\/wp-content\/uploads\/2023\/01\/Zrzut-ekranu-2023-01-05-111705-261x300.png\" alt=\"\" width=\"261\" height=\"300\" srcset=\"https:\/\/brineris.pwr.edu.pl\/wp-content\/uploads\/2023\/01\/Zrzut-ekranu-2023-01-05-111705-261x300.png 261w, https:\/\/brineris.pwr.edu.pl\/wp-content\/uploads\/2023\/01\/Zrzut-ekranu-2023-01-05-111705.png 373w\" sizes=\"(max-width: 261px) 100vw, 261px\" \/><\/p>\t\t\t\t\t\t<\/div>\n\t\t\t\t<\/div>\n\t\t\t\t\t<\/div>\n\t\t<\/div>\n\t\t\t\t\t<\/div>\n\t\t<\/section>\n\t\t\t\t<section class=\"elementor-section elementor-top-section elementor-element elementor-element-b0eb717 elementor-section-boxed elementor-section-height-default elementor-section-height-default\" data-id=\"b0eb717\" data-element_type=\"section\">\n\t\t\t\t\t\t<div class=\"elementor-container elementor-column-gap-default\">\n\t\t\t\t\t<div class=\"elementor-column elementor-col-100 elementor-top-column elementor-element elementor-element-bc8dea5\" data-id=\"bc8dea5\" data-element_type=\"column\">\n\t\t\t<div class=\"elementor-widget-wrap elementor-element-populated\">\n\t\t\t\t\t\t<div class=\"elementor-element elementor-element-ff03d09 elementor-widget elementor-widget-heading\" data-id=\"ff03d09\" data-element_type=\"widget\" data-widget_type=\"heading.default\">\n\t\t\t\t<div class=\"elementor-widget-container\">\n\t\t\t<h2 class=\"elementor-heading-title elementor-size-default\">You can also find us on other media<\/h2>\t\t<\/div>\n\t\t\t\t<\/div>\n\t\t\t\t\t<\/div>\n\t\t<\/div>\n\t\t\t\t\t<\/div>\n\t\t<\/section>\n\t\t\t\t<section class=\"elementor-section elementor-top-section elementor-element elementor-element-721280a elementor-section-boxed elementor-section-height-default elementor-section-height-default\" data-id=\"721280a\" data-element_type=\"section\">\n\t\t\t\t\t\t<div class=\"elementor-container elementor-column-gap-default\">\n\t\t\t\t\t<div class=\"elementor-column elementor-col-100 elementor-top-column elementor-element elementor-element-3952d92\" data-id=\"3952d92\" data-element_type=\"column\">\n\t\t\t<div class=\"elementor-widget-wrap elementor-element-populated\">\n\t\t\t\t\t\t<div class=\"elementor-element elementor-element-cefc892 elementor-shape-rounded elementor-grid-0 e-grid-align-center elementor-widget elementor-widget-social-icons\" data-id=\"cefc892\" data-element_type=\"widget\" data-widget_type=\"social-icons.default\">\n\t\t\t\t<div class=\"elementor-widget-container\">\n\t\t\t\t\t<div class=\"elementor-social-icons-wrapper elementor-grid\">\n\t\t\t\t\t\t\t<span class=\"elementor-grid-item\">\n\t\t\t\t\t<a class=\"elementor-icon elementor-social-icon elementor-social-icon-facebook elementor-repeater-item-ab17ab6\" href=\"https:\/\/www.facebook.com\/profile.php?id=100083138720913\" target=\"_blank\">\n\t\t\t\t\t\t<span class=\"elementor-screen-only\">Facebook<\/span>\n\t\t\t\t\t\t<i class=\"fab fa-facebook\"><\/i>\t\t\t\t\t<\/a>\n\t\t\t\t<\/span>\n\t\t\t\t\t\t\t<span class=\"elementor-grid-item\">\n\t\t\t\t\t<a class=\"elementor-icon elementor-social-icon elementor-social-icon-linkedin elementor-repeater-item-877cf8d\" href=\"https:\/\/pl.linkedin.com\/posts\/brineris_brineris-project-cooperation-activity-6935900111541551105-pXjJ\" target=\"_blank\">\n\t\t\t\t\t\t<span class=\"elementor-screen-only\">Linkedin<\/span>\n\t\t\t\t\t\t<i class=\"fab fa-linkedin\"><\/i>\t\t\t\t\t<\/a>\n\t\t\t\t<\/span>\n\t\t\t\t\t\t\t<span class=\"elementor-grid-item\">\n\t\t\t\t\t<a class=\"elementor-icon elementor-social-icon elementor-social-icon-youtube elementor-repeater-item-4d76f46\" href=\"https:\/\/www.youtube.com\/@brineris\" target=\"_blank\">\n\t\t\t\t\t\t<span class=\"elementor-screen-only\">Youtube<\/span>\n\t\t\t\t\t\t<i class=\"fab fa-youtube\"><\/i>\t\t\t\t\t<\/a>\n\t\t\t\t<\/span>\n\t\t\t\t\t<\/div>\n\t\t\t\t<\/div>\n\t\t\t\t<\/div>\n\t\t\t\t\t<\/div>\n\t\t<\/div>\n\t\t\t\t\t<\/div>\n\t\t<\/section>\n\t\t\t\t<\/div>\n\t\t","protected":false},"excerpt":{"rendered":"<p>Contact Project Leader \u00a0Politechnika Wroc\u0142awska\u00a0 Wybrze\u017ce Wyspia\u0144skiego 27, 50-370 Wroc\u0142aw tel.: +48 71 320 2905 \u00a0Faculty of Geoengineering, Mining and Geology\u00a0 Na Grobli 15, 50-421 Wroc\u0142aw Geocentrum, building L-1, Office room 254 tel.: +48 71 320 68 35 Project coordinator dr Magdalena Worsa-Kozak Na Grobli 13, 50-421 Wroc\u0142awbuilding L-2 (GEO-3EM), room 3.24 Email: magdalena.worsa-kozak@pwr.edu.pl You [&hellip;]<\/p>\n","protected":false},"author":4,"featured_media":0,"parent":0,"menu_order":0,"comment_status":"closed","ping_status":"closed","template":"","meta":{"_monsterinsights_skip_tracking":false,"_monsterinsights_sitenote_active":false,"_monsterinsights_sitenote_note":"","_monsterinsights_sitenote_category":0,"footnotes":""},"class_list":["post-156","page","type-page","status-publish","hentry","entry"],"aioseo_notices":[],"_links":{"self":[{"href":"https:\/\/brineris.pwr.edu.pl\/index.php?rest_route=\/wp\/v2\/pages\/156","targetHints":{"allow":["GET"]}}],"collection":[{"href":"https:\/\/brineris.pwr.edu.pl\/index.php?rest_route=\/wp\/v2\/pages"}],"about":[{"href":"https:\/\/brineris.pwr.edu.pl\/index.php?rest_route=\/wp\/v2\/types\/page"}],"author":[{"embeddable":true,"href":"https:\/\/brineris.pwr.edu.pl\/index.php?rest_route=\/wp\/v2\/users\/4"}],"replies":[{"embeddable":true,"href":"https:\/\/brineris.pwr.edu.pl\/index.php?rest_route=%2Fwp%2Fv2%2Fcomments&post=156"}],"version-history":[{"count":22,"href":"https:\/\/brineris.pwr.edu.pl\/index.php?rest_route=\/wp\/v2\/pages\/156\/revisions"}],"predecessor-version":[{"id":1219,"href":"https:\/\/brineris.pwr.edu.pl\/index.php?rest_route=\/wp\/v2\/pages\/156\/revisions\/1219"}],"wp:attachment":[{"href":"https:\/\/brineris.pwr.edu.pl\/index.php?rest_route=%2Fwp%2Fv2%2Fmedia&parent=156"}],"curies":[{"name":"wp","href":"https:\/\/api.w.org\/{rel}","templated":true}]}}